k.
2
What are the prime factors of (-4 - -4) + (72 - 0)?
2, 3
Suppose 5*n = -4*c + 50 - 202, -4*c + n - 128 = 0. Let t = c - -56. What are the prime factors of t?
23
Suppose -5*o - 3*c + 1060 = 0, -o - 3*o = -3*c - 821. What are the prime factors of o?
11, 19
Let n(p) = 5*p**2. Let z be n(1). Suppose 5*q + 55 + z = 0. Let j = q - -21. What are the prime factors of j?
3
Let h be -4*6/2 + 2. Let t = h + 20. List the prime factors of t.
2, 5
Let t = 14 + -2. Let a = 40 - t. What are the prime factors of a?
2, 7
Let i = 38 + -24. What are the prime factors of i?
2, 7
Let a be 6 + -4 + 2*7. Let m = a + -3. What are the prime factors of m?
13
Let j = -8 - -28. What are the prime factors of j?
2, 5
Let g(q) = 26*q - 18. What are the prime factors of g(1)?
2
Suppose 0 = 2*v - 2*u - 2, 0 = -v - 5*u + 5 + 2. Suppose 0 = v*f + 2*f - 116. What are the prime factors of f?
29
Suppose 3*k = -3*d + 12, -3 = d - 4. Suppose -k*v = -4*c, -c - 5 = -3*v + v. Suppose 0 = -v*u - 3*m + 56, 0 = 3*m - 8*m. List the prime factors of u.
2, 7
Let r = -75 - -170. What are the prime factors of r?
5, 19
Suppose 5*l + 4 = -c, l + 3 = -2*l. Let f = c - -8. Let m = f + -3. List the prime factors of m.
2, 3
Let j be (1 - 5)/((-5)/10). Let r(q) = -6*q - 1. Let k be r(-1). Suppose 2*f + j = 0, -3*f = -3*x + k + 19. List the prime factors of x.
2
Suppose -3*r = -2*y + 10, r + 0*y - 3*y = -1. Let z = 27 - r. List the prime factors of z.
31
Suppose -2*k + 8 = 2*k. Let p be (k - 1)*5/1. Let c = -3 + p. What are the prime factors of c?
2
Let s = 16 + -30. Let t = 11 - s. List the prime factors of t.
5
Suppose 3*d = 4*v - 6, 0 = -2*d + d + 3*v - 2. List the prime factors of (4/(-2))/d*12.
2, 3
Let r be 10/4 + (-7)/(-14). Suppose -r*j + 20 = 2*j. What are the prime factors of j?
2
Let s be 320/176 - (-4)/22. Suppose -s*t = 4*r - 3 - 11, 0 = -4*t + r + 46. What are the prime factors of t?
11
Let w(z) = z - 3 + 3*z - 3*z. Let p be w(3). What are the prime factors of (p - 1)/((-4)/16)?
2
What are the prime factors of ((-550)/(-4) - 3/(-6)) + 2?
2, 5, 7
Suppose -5*b + 31 = 4*w - 29, 0 = 3*b + 4*w - 36. Let j = -7 + b. List the prime factors of j.
5
Suppose 11*u = 8*u + 9, -5*p = -4*u - 1688. What are the prime factors of p?
2, 5, 17
Suppose 0*s = -2*s + 168. Let j(l) = l**2 + 7*l + 8. Let p be j(-6). List the prime factors of (2/6)/(p/s).
2, 7
Let a = 24 - 16. Let m = a + 4. List the prime factors of m.
2, 3
Let w(c) = -c + 4. Let l be w(0). Suppose -3*j = -l*q - 18, q + 0 = -5*j + 7. Let v = 4 - q. List the prime factors of v.
7
Suppose o - 2*s + 0*s - 47 = 0, -4*o = 3*s - 243. List the prime factors of o.
3, 19
Suppose -5*c - h - 15 = -60, 4*c - 2*h = 50. Let a(t) = t**3 - 11*t**2 + 9*t + 12. What are the prime factors of a(c)?
2
Suppose -4*u = -0*u - 12. Let r(l) = 2*l**3 - 2*l**2 + 4*l - 2. Let v be r(2). Let i = v - u. What are the prime factors of i?
11
Let s be 3 + 1/(2/4). Suppose -3*a + 35 = 2*m, 3*a + 9 = -s*m + 38. What are the prime factors of a?
13
Let m(a) = 4*a - 27. What are the prime factors of m(11)?
17
Let o(u) = -7*u**2 - 9*u - 4. Let m(c) = -c**2 - 1. Let q(g) = 6*m(g) - o(g). Let v be q(-9). Let w(n) = -n**3 + n**2 + n - 2. List the prime factors of w(v).
2
Suppose 962 = 3*j + 2*l, -10*l = -4*j - 6*l + 1316. List the prime factors of j.
2, 3
Suppose 7*d - 3*d = -108. Let m = 49 + d. What are the prime factors of m?
2, 11
Let s(z) = 6*z**2 - 10*z + 16. List the prime factors of s(6).
2, 43
Let w(d) = 50*d - 11. List the prime factors of w(6).
17
Let j(f) = f**3 + 5*f**2 - 5*f + 6. Let m be j(-6). Suppose h - 19 = -m*h. List the prime factors of h.
19
Suppose n = -4*s + 342, -s + 162 = s - 4*n. List the prime factors of s.
5, 17
Suppose w + 9 = 19. What are the prime factors of 2*w - (-8)/(-4)?
2, 3
Let g be 4 + -2 + -1 - -39. Suppose -h + 3*h = 2*o + 24, 4*h + 4*o - g = 0. List the prime factors of h.
11
Let w = 13 - 12. List the prime factors of (-5 - 2)*(-6 + w).
5, 7
What are the prime factors of ((312/4)/1)/(-2 - -3)?
2, 3, 13
List the prime factors of (1111/(-44))/((-1)/4).
101
Let w(x) = -9*x - 8. What are the prime factors of w(-5)?
37
Suppose 5*z = z + 172. List the prime factors of z.
43
Let q be (0 - 6)*4/(-6). Suppose 58 = -q*z + 6*z. List the prime factors of z.
29
What are the prime factors of ((-4)/8)/(0 + 2/(-940))?
5, 47
Suppose 5*g = 4*h - 9, 4*g - 2*g + 4*h = -26. Let t = 7 + g. Suppose 2*p - 24 = 5*x, t*p + 3*p + 5*x + 10 = 0. What are the prime factors of p?
2
Suppose -25*i = -27*i + 298. List the prime factors of i.
149
Suppose 4*n - 25 = 7. Suppose n*z = 3*z + 20. List the prime factors of z.
2
Let o(c) = -6*c + 14. List the prime factors of o(-12).
2, 43
Suppose 14 + 6 = -3*c - 4*h, 3*c - 20 = 4*h. Suppose -2*l = -c*l - 8. What are the prime factors of l?
2
Suppose -4*m - 2*k = -38, m + 2*k - 5 = 6. Let s = m - 3. What are the prime factors of s?
2, 3
What are the prime factors of 4508/21 + 2/6?
5, 43
Let w(c) = c**3 + 8*c**2 + 4*c - 12. List the prime factors of w(-6).
2, 3
Let d be 496/(-6)*(-12)/8. Suppose -2*r + 144 = -4*x + 2*r, -4*x = r + d. Let t = -23 - x. List the prime factors of t.
3
Suppose 0*i = -3*i + 9. List the prime factors of i.
3
Suppose 75 = t + 2*t - 4*u, 3*t - 3*u = 75. What are the prime factors of t?
5
Let o(s) = -8 + 4*s - 7*s**2 + 1 - s**3 - 1. What are the prime factors of o(-8)?
2, 3
Let t = 13 - 5. Let n(d) = 9*d**3 + 2*d - 1. Let o be n(1). Suppose -t*j = -3*j - o. List the prime factors of j.
2
Let q be 14/35 + (-112)/5. What are the prime factors of (-1)/(-3) - q/6?
2
Let i be (-2)/5 - 48/(-20). Suppose 3*v = i - 8, -5*v + 2 = 4*q. What are the prime factors of q?
3
Let j(h) = 29*h**3 - h**2 + 2. What are the prime factors of j(1)?
2, 3, 5
Let g be 99/18*2*1. Let c = 32 - g. List the prime factors of c.
3, 7
Suppose 2*l = 3*l. Suppose l*m + 20 = m. List the prime factors of m.
2, 5
Suppose 5*l = 10, -l + 46 = -0*a + a. What are the prime factors of a?
2, 11
Let r(a) = -a + 1. Suppose -2*j = -6*j - 20. Let b be r(j). Suppose -6 = -2*w + b. What are the prime factors of w?
2, 3
Let i = -187 + 123. Let h = -39 - i. List the prime factors of h.
5
Let v(w) = 3*w - 1. Let a(o) = o. Let n(r) = -5*a(r) + 2*v(r). Let u be n(8). Suppose 4*y - 4*q = -4, 2*y + 2*q - 8 - u = 0. List the prime factors of y.
3
Let p(x) = 5*x - 5. Suppose -21 = -5*o + 9. What are the prime factors of p(o)?
5
Suppose 0*v - 1 = -v. What are the prime factors of (v + (3 - 17))*-1?
13
Let l(r) = -7*r - 3. Let q = 7 + -11. Let w be l(q). Suppose 5*a + j = w, 2*j = -j + 15. List the prime factors of a.
2
Suppose 65 = d + 4*q - 95, -515 = -3*d - 5*q. List the prime factors of d.
2, 3, 5
Let t(o) be the second derivative of o**5/20 + 7*o**4/12 - 5*o**3/6 - 2*o**2 + 3*o. What are the prime factors of t(-7)?
31
Let f(o) = -28*o**2 + 2*o + 5. Let d be f(-5). What are the prime factors of 2/13 - d/65?
11
Let h = 6 - 4. Let y(k) be the first derivative of k**2 - k - 3. What are the prime factors of y(h)?
3
Let r = -16 + 25. List the prime factors of r.
3
What are the prime factors of (8 - -1)*69*(-3)/(-27)?
3, 23
Let r(o) = o**2 - 3*o - 2. Let n be r(6). Suppose 10*k - 8*k - n = 0. What are the prime factors of k?
2
Suppose -4 = c - 2*c. Suppose 19 = 3*d + 4*n, -d + c*n + 0*n + 17 = 0. List the prime factors of d.
3
Suppose -104 = c + c + 2*s, 4*c + 5*s = -211. Let x = -14 - c. List the prime factors of 43/5 + 14/x.
3
What are the prime factors of ((-370)/(-20))/((-1)/(-2))?
37
Suppose 5*u + 4*z - 1 = -0, 8 = 4*u - 4*z. Suppose 0 = 2*n - u - 11. List the prime factors of n.
2, 3
Let b(a) = -5*a**3 - 4*a**2 + 2*a + 5. What are the prime factors of b(-3)?
2, 7
Let p = 25 - 36. Let s = p - -22. What are the prime factors of s?
11
Let b be (2/6)/((-4)/(-732)). Suppose b + 18 = 3*r + 4*y, 0 = y - 4. Let h = r - 13. List the prime factors of h.
2
Let s = -9 + 117. What are the prime factors of s?
2, 3
Let k(c) = -c + 43. What are the prime factors of k(15)?
2, 7
Let s(b) = -b**2 - 1. Let a be s(-1). List the prime factors of 87/12 - a/(-8).
7
Let b = 11 + -6. Suppose b*i - 75 = -10. List the prime factors of i.
13
Suppose -6*a - 17 + 53 = 0. List the prime factors of (-8)/(-12) - (-170)/a.
29
Let d(j) = -j**2 - 11*j - 1. List the prime factors of d(-6).
29
Suppos